{"id":34,"date":"2025-03-21T23:09:32","date_gmt":"2025-03-21T20:09:32","guid":{"rendered":"https:\/\/www.kadioglumobilya.com.tr\/?page_id=34"},"modified":"2025-03-28T18:16:15","modified_gmt":"2025-03-28T15:16:15","slug":"iletisim","status":"publish","type":"page","link":"https:\/\/www.kadioglumobilya.com.tr\/?page_id=34","title":{"rendered":"\u0130leti\u015fim"},"content":{"rendered":"\n<p>Adres: K\u00fc\u00e7\u00fckyal\u0131 Mah. Filizlik Sok. No:1-A Maltepe \u0130stanbul<\/p>\n\n\n\n<p>Telefon: 0532 601 6330<\/p>\n\n\n\n<p>Mail: alierdem@kadioglumobilya.com<\/p>\n\n\n\n<p><\/p>\n","protected":false},"excerpt":{"rendered":"<p>Adres: K\u00fc\u00e7\u00fckyal\u0131 Mah. Filizlik Sok. No:1-A Maltepe \u0130stanbul Telefon: 0532 601 6330 Mail: alierdem@kadioglumobilya.com<\/p>\n","protected":false},"author":1,"featured_media":0,"parent":0,"menu_order":0,"comment_status":"closed","ping_status":"closed","template":"full-width","meta":{"saved_in_kubio":true,"footnotes":""},"class_list":["post-34","page","type-page","status-publish","hentry"],"kubio_ai_page_context":{"short_desc":"","purpose":"general"},"_links":{"self":[{"href":"https:\/\/www.kadioglumobilya.com.tr\/index.php?rest_route=\/wp\/v2\/pages\/34","targetHints":{"allow":["GET"]}}],"collection":[{"href":"https:\/\/www.kadioglumobilya.com.tr\/index.php?rest_route=\/wp\/v2\/pages"}],"about":[{"href":"https:\/\/www.kadioglumobilya.com.tr\/index.php?rest_route=\/wp\/v2\/types\/page"}],"author":[{"embeddable":true,"href":"https:\/\/www.kadioglumobilya.com.tr\/index.php?rest_route=\/wp\/v2\/users\/1"}],"replies":[{"embeddable":true,"href":"https:\/\/www.kadioglumobilya.com.tr\/index.php?rest_route=%2Fwp%2Fv2%2Fcomments&post=34"}],"version-history":[{"count":2,"href":"https:\/\/www.kadioglumobilya.com.tr\/index.php?rest_route=\/wp\/v2\/pages\/34\/revisions"}],"predecessor-version":[{"id":125,"href":"https:\/\/www.kadioglumobilya.com.tr\/index.php?rest_route=\/wp\/v2\/pages\/34\/revisions\/125"}],"wp:attachment":[{"href":"https:\/\/www.kadioglumobilya.com.tr\/index.php?rest_route=%2Fwp%2Fv2%2Fmedia&parent=34"}],"curies":[{"name":"wp","href":"https:\/\/api.w.org\/{rel}","templated":true}]}}